 = -4*p + 4. Calculate the greatest common factor of m and 8.
2
Let z(y) = 50*y**2 + 12*y - 9. Let n be z(8). What is the highest common divisor of 57 and n?
19
Let l = 155 - 134. Let f = -12 + l. What is the highest common factor of 36 and f?
9
Suppose 7*f + 35 = 5*o + 12*f, 1 = 3*o - 2*f. Let q be 146/o + 12/(-18). What is the highest common factor of 108 and q?
12
Let m be (46/6 + -8)*1398. Let v = 483 + m. Calculate the highest common divisor of v and 153.
17
Let k(c) = 66*c**2 + 195*c - 23. Let z be k(-7). What is the highest common factor of 710 and z?
142
Let f be (1 - -3260)/(0 + -2 + 3). Suppose -f = -9*x - 93. What is the greatest common divisor of x and 11?
11
Suppose -z = -16*z + 38115. Suppose 48*q - z - 1827 = 0. What is the highest common factor of q and 28?
7
Let p = 335 + -235. Calculate the greatest common factor of p and 732.
4
Suppose 352 = -20*y + 4*y. Let p = 8 - y. What is the highest common divisor of 2 and p?
2
Let v(u) = u**2 - 13*u - 9. Let j be ((-256)/80)/((-1)/5). Let y be v(j). Let d be (2 - 0)*y/6. What is the highest common divisor of 13 and d?
13
Let l be 9/36 + 2/(-8) + 77. Let s = 302 - l. Let n = -12 + 37. Calculate the greatest common factor of s and n.
25
Let d(g) = g**2 + 22*g - 191. Let l be d(-29). What is the greatest common factor of l and 1884?
12
Suppose -5*s = -2*t - 157 + 599, 3*s + 442 = 2*t. Calculate the greatest common divisor of 102 and t.
17
Suppose 5*r + 8 = 4*n + 38, -5 = n. Suppose -189 = -3*h - 3*w, 3*h + r*h = 3*w + 323. Calculate the highest common divisor of h and 64.
64
Let o(t) = -t**3 + 11*t**2 - 12*t + 31. Let m be o(9). Suppose 26*r = 35*r - 1071. Calculate the greatest common factor of r and m.
17
Let w = -144 - -158. Let f be (3 - (-30)/w)/((-6)/(-28)). Calculate the highest common factor of f and 384.
24
Let s(t) = -t**3 + 68*t**2 + 333*t + 218. Let z be s(69). Calculate the greatest common factor of z and 26.
26
Suppose -38181 = -26*y + 23*y + 3*o, 25446 = 2*y - o. What is the greatest common factor of y and 158?
79
Suppose 7 + 29 = -6*n. Let w be 14/n*-1*81. Let f be 3/(w/4018) + (-4)/(-18). Calculate the highest common factor of f and 16.
16
Suppose -4941 - 3339 = -8*m - 37*m. What is the greatest common divisor of 1702 and m?
46
Suppose 84*c = 66*c + 10476. Calculate the highest common divisor of 6208 and c.
194
Let a = -1955 - -1969. What is the greatest common factor of 1526 and a?
14
Let j be 4 - 10 - (936/(-66) + 4/22). What is the greatest common divisor of 18184 and j?
8
Let r = -980 + 1061. Suppose 211 = 17*i - 95. What is the highest common divisor of r and i?
9
Let x = 121 + -67. Let s = 49 - x. Let j be (-6 - s) + (1 - -70). What is the greatest common divisor of j and 10?
10
Suppose 4*v = 3*v - 2*h + 24, 0 = -3*v - 2*h + 64. What is the greatest common factor of v and 20?
20
Let w be 4/7*2/(24/42). Let p(u) = -2*u + 4*u - 5 - 2*u + w*u**2. Let q be p(-3). Calculate the highest common divisor of q and 117.
13
Let k be -9*(1 - (16 + 0)). Let w be (-7)/(-14) - (-11)/(-2). Let a(n) = -10*n + 4. Let c be a(w). What is the highest common divisor of c and k?
27
Suppose -2*d = 3 - 1. Let r be (2 - 464/5)/(d/(-5)). Let l = 760 + r. Calculate the greatest common divisor of l and 34.
34
Let r(i) = -3*i**3 + 36*i**2 + 7*i + 63. Let j be r(12). Calculate the highest common divisor of j and 252.
21
Suppose 0 = -24*q + 8*q + 72432. What is the greatest common factor of q and 9?
9
Let h be 19/(5 - (-27)/(-6)). Suppose 3*d - 70 = t, 5*d + t = -43 + 157. Let c = h - d. What is the highest common factor of 6 and c?
3
Suppose 3*v - 4*o - 12 = 0, 0 = -0*v - 5*v - 4*o - 12. Let r = 10 - v. Let k = 0 + r. Calculate the greatest common divisor of k and 50.
10
Suppose -2*r = 2*g - 113 + 27, 3*g - 41 = -r. Suppose 41*f - 36*f = 1980. Calculate the highest common factor of r and f.
44
Suppose 0 = 168*d - 172*d + 3612. Calculate the highest common factor of d and 63.
21
Let n(o) = -12*o + 122. Let g(b) = 6*b - 60. Let h(j) = -5*g(j) - 2*n(j). Let x be h(-16). What is the greatest common factor of x and 32?
8
Let l(u) = -5*u**3 - 4*u**2 - 30*u - 63. Let w be l(-3). What is the highest common divisor of w and 3801?
21
Let l be 40/26*(-16640)/(-512). Calculate the greatest common divisor of 265 and l.
5
Let s be 3/(-4) + (-45743)/(-596). Calculate the greatest common factor of s and 2603.
19
Suppose -3*t = 3, -x - 31 = 2*t + 2*t. Let o = 54 - x. What is the greatest common factor of 135 and o?
27
Let c(y) = 7654*y - 12 - 18 + 0 - 7643*y. Let f be c(8). Calculate the highest common divisor of f and 203.
29
Suppose -5*f = 17*d - 21*d - 361, 3*f - d - 211 = 0. Suppose -o + 147 = 2*o. Let g = o - 3. Calculate the greatest common divisor of f and g.
23
Let a = 536 + -849. Let q = -283 - a. Calculate the highest common factor of 20 and q.
10
Let b = -157 - -161. Let f(q) = 46*q**2 + 2*q - 13. Let l be f(b). Calculate the highest common factor of 43 and l.
43
Suppose -s - 270 = -q, 2*q + 5*s = -126 + 687. Let u be ((-26)/(-6))/((-13)/(-234)). Calculate the greatest common divisor of u and q.
39
Let m be (-346)/(-10) - (24/(-64))/(1260/1344). Suppose -42 = -0*p - 2*p. Calculate the highest common factor of p and m.
7
Let m be -1 + (2 - -2 - 1/1). Suppose 0 = m*a - p - 69, -a + 1 + 20 = -5*p. Let t = a - 9. Calculate the highest common factor of 216 and t.
27
Let i(x) = -11*x**2 + 54*x - 3. Let a(o) = 4*o**2 - 18*o + 1. Let u(d) = 7*a(d) + 2*i(d). Let w be u(-6). What is the greatest common divisor of 65 and w?
65
Suppose 10*l - 19*l = 54. Let s be (20/5 + 29)/((-1)/l). Suppose -o = -7*o + s. Calculate the highest common factor of 3 and o.
3
Suppose -6 = 5*s + 5*q - 246, -4*q = 3*s - 142. Suppose -15*g + 551 = 7*g - 1649. What is the highest common factor of g and s?
50
Let n(s) = -6*s - 3. Suppose -3*b + 4*i = -i + 30, 4*i = 0. Let u be n(b). Suppose 6 = -q + u. Calculate the highest common divisor of 17 and q.
17
Let n = 1504 + -1438. Let j = -184 - -349. What is the greatest common factor of j and n?
33
Let s(r) = r**3 - 5*r**2 - 2*r + 7. Let i be (-3 - -3)/(-2) - -43. Suppose -10*w + i = -27. Let j be s(w). Calculate the greatest common divisor of j and 13.
13
Let n = 94 - 16. Let u be 12*(-1506)/(-156) + (-2)/(-13). Let x = u - n. What is the greatest common divisor of x and 57?
19
Let h = 0 - -3. Suppose 0 = 3*u + 2*d - 64, 3*d = h*u + 4*d - 68. Let r = 5489 + -5297. What is the greatest common factor of u and r?
24
Let r = 9 - 15. Let w be 3 + r/30 + (-512)/(-10). Calculate the highest common factor of 36 and w.
18
Let i(w) = -60*w - 1 - 1 + 31*w + 31*w. Let o be i(-2). Let l be (o/24 + 206/(-8))*-10. What is the highest common divisor of l and 13?
13
Let d be (-17)/85 + 261/5. Suppose -4*w = f + 2*f - 76, -4*w + 3*f + d = 0. What is the greatest common divisor of 496 and w?
16
Suppose 3*f = 2*x - 27, 0 = -119*x + 115*x - 5*f + 43. Calculate the highest common divisor of 1104 and x.
12
Let c = -31 - -125. Let p = -66 + c. Suppose 1158*n - 1386 = 1059*n. Calculate the greatest common divisor of p and n.
14
Let y be (138/(-5))/((-24)/80). Let q = y - 86. What is the greatest common divisor of 66 and q?
6
Let q(x) = -x**2 - x - 2. Let w be q(-2). Let a(t) = 13*t + 94. Let h be a(w). What is the highest common factor of 6 and h?
6
Let k = 109 + -89. Let x(s) be the second derivative of s**4/6 - 19*s**3/6 - 10*s**2 + 3*s. Let c be x(k). What is the greatest common factor of 50 and c?
50
Suppose 30*m - 4374 + 1074 = 0. Calculate the greatest common divisor of 6215 and m.
55
Suppose 2*s = 2*i - 1140, -3*s = i - 4644 + 4066. Calculate the highest common divisor of 44 and i.
44
Let i(q) = 4*q**2 + 9 - 16 - 5*q**2 - 10*q. Let j be i(-9). Suppose c - 3*t - 2*t = -18, -5*c - j = -3*t. Calculate the highest common divisor of 18 and c.
2
Suppose -23370*l + 23398*l - 122248 = 0. Calculate the greatest common factor of l and 413.
59
Suppose -8*r + 19 = -53. Suppose 2*d = u - r, -18*d = -5*u - 23*d + 15. Calculate the highest common divisor of 35 and u.
5
Suppose 24 = 2*r - 8. Let k(b) = b**3 - b + 4. Let i be k(0). Suppose i*o + 5*v - 23 = 2*v, 3*o - 2*v = 30. Calculate the greatest common divisor of r and o.
8
Let b(y) = y**2 + 21. Let l = 103 - 93. Suppose l = 22*c - 23*c. Let r be b(c). Calculate the 